 37600 a multiple of 47?
True
Is 10 a factor of 11380050?
True
Does 322 divide 432124?
True
Is 646194 a multiple of 314?
False
Does 10 divide 317710?
True
Is 17 a factor of 1593087?
True
Is 255 a factor of 44088?
False
Is 3 a factor of 54039?
True
Is 470 a factor of 310915?
False
Does 259 divide 384760?
False
Does 72 divide 79873?
False
Is 86559 a multiple of 61?
True
Is 207522 a multiple of 14?
True
Is 11 a factor of 36450?
False
Does 20 divide 52400?
True
Is 31175 a multiple of 29?
True
Is 590937 a multiple of 6?
False
Is 102453 a multiple of 213?
True
Does 69 divide 266384?
False
Does 72 divide 948024?
True
Is 18 a factor of 1133547?
False
Is 10 a factor of 57686?
False
Is 52 a factor of 7077584?
False
Is 95 a factor of 316593?
False
Does 296 divide 7346777?
False
Is 111 a factor of 11861127?
True
Does 31 divide 1898554?
False
Is 230 a factor of 4087790?
True
Is 1518593 a multiple of 255?
False
Is 1363559 a multiple of 218?
False
Is 64342 a multiple of 200?
False
Does 23 divide 203922?
False
Is 6 a factor of 4954692?
True
Is 74632 a multiple of 47?
False
Does 770 divide 1325789?
False
Is 3762900 a multiple of 222?
True
Is 185432 a multiple of 13?
True
Is 1012 a factor of 16333680?
True
Is 4206665 a multiple of 21?
False
Is 3910234 a multiple of 164?
False
Is 65 a factor of 245050?
True
Is 17 a factor of 289?
True
Is 23 a factor of 264415?
False
Is 148608 a multiple of 9?
True
Does 49 divide 4367?
False
Does 22 divide 47850?
True
Is 8 a factor of 49267?
False
Does 36 divide 10869?
False
Is 228 a factor of 190265?
False
Is 118 a factor of 155354?
False
Does 19 divide 918137?
True
Is 1917 a factor of 2482515?
True
Is 45 a factor of 1125534?
False
Does 8 divide 117402?
False
Is 16 a factor of 10381680?
True
Is 137130 a multiple of 6?
True
Is 24530 a multiple of 5?
True
Does 58 divide 361340?
True
Does 29 divide 492797?
True
Does 14 divide 65852?
False
Is 96 a factor of 184032?
True
Is 60 a factor of 201540?
True
Is 241466 a multiple of 58?
False
Does 16 divide 3816384?
True
Is 43 a factor of 214557?
False
Is 55 a factor of 19900595?
True
Does 46 divide 219174?
False
Does 21 divide 325332?
True
Is 325891 a multiple of 97?
False
Does 8 divide 245965?
False
Is 5688581 a multiple of 14?
False
Is 29 a factor of 4912701?
False
Is 756 a factor of 2308068?
True
Is 10395582 a multiple of 74?
False
Is 356551 a multiple of 13?
True
Is 1134939 a multiple of 9?
False
Is 419 a factor of 12653?
False
Is 51 a factor of 12119391?
False
Is 94872 a multiple of 24?
True
Is 40 a factor of 1809360?
True
Is 347320 a multiple of 4?
True
Is 51259 a multiple of 23?
False
Does 160 divide 316320?
True
Is 26452 a multiple of 8?
False
Is 597 a factor of 614174?
False
Is 206 a factor of 1025674?
True
Is 300779 a multiple of 217?
False
Does 828 divide 7922304?
True
Is 10 a factor of 37410?
True
Is 455685 a multiple of 5?
True
Is 10 a factor of 40373?
False
Does 180 divide 19800?
True
Does 99 divide 354618?
True
Is 16 a factor of 180816?
True
Is 19 a factor of 274740?
True
Is 23 a factor of 5311?
False
Does 32 divide 260352?
True
Does 251 divide 141815?
True
Is 347438 a multiple of 91?
True
Is 19 a factor of 2085136?
True
Is 89 a factor of 104397?
True
Is 6594318 a multiple of 29?
False
Does 657 divide 3586563?
True
Is 811170 a multiple of 7?
False
Is 149 a factor of 367742?
False
Is 944208 a multiple of 459?
False
Is 98 a factor of 171660?
False
Does 323 divide 83334?
True
Does 86 divide 1186171?
False
Does 161 divide 182903?
False
Is 15666 a multiple of 42?
True
Is 88 a factor of 408584?
True
Does 83 divide 34150?
False
Does 96 divide 358425?
False
Is 49350 a multiple of 15?
True
Does 3 divide 85857?
True
Is 96 a factor of 596928?
True
Does 220 divide 3619715?
False
Is 1267175 a multiple of 91?
True
Is 10 a factor of 1042355?
False
Is 398084 a multiple of 200?
False
Is 6798 a multiple of 5?
False
Does 17 divide 6472449?
False
Is 1430858 a multiple of 13?
True
Is 118647 a multiple of 8?
False
Is 5952042 a multiple of 81?
True
Does 183 divide 1685105?
False
Does 16 divide 172976?
True
Is 3036635 a multiple of 35?
True
Is 38 a factor of 6574?
True
Does 97 divide 141152?
False
Is 23 a factor of 102856?
True
Is 2723072 a multiple of 5?
False
Is 4224575 a multiple of 154?
False
Does 74 divide 136530?
True
Is 104 a factor of 9256?
True
Does 95 divide 849823?
False
Is 218 a factor of 958328?
True
Is 27 a factor of 148200?
False
Is 90 a factor of 18000?
True
Does 385 divide 1712865?
True
Does 93 divide 1425504?
True
Is 2362353 a multiple of 161?
True
Is 1916586 a multiple of 882?
True
Does 173 divide 4044664?
False
Does 96 divide 12899520?
True
Does 37 divide 171088?
True
Does 33 divide 3653026?
False
Does 397 divide 14296?
False
Is 2093546 a multiple of 7?
True
Is 1769580 a multiple of 14?
False
Is 156468 a multiple of 52?
True
Does 82 divide 2660162?
True
Is 300950 a multiple of 23?
False
Does 56 divide 6394809?
False
Is 608552 a multiple of 7?
True
Is 15 a factor of 7455?
True
Is 744983 a multiple of 77?
False
Is 347906 a multiple of 73?
False
Does 89 divide 606357?
True
Is 105643 a multiple of 6?
False
Is 167 a factor of 50434?
True
Is 113 a factor of 1695113?
True
Is 337374 a multiple of 30?
False
Is 37 a factor of 77573?
False
Is 219 a factor of 18093780?
True
Is 1323569 a multiple of 901?
True
Does 19 divide 1795333?
False
Is 1042514 a multiple of 62?
False
Is 10461233 a multiple of 271?
False
Is 85017 a multiple of 12?
False
Is 44 a factor of 1183248?
True
Is 648144 a multiple of 27?
False
Does 400 divide 28762?
False
Is 31 a factor of 50714?
False
Does 1144 divide 3139842?
False
Is 34 a factor of 1201305?
False
Is 848715 a multiple of 685?
True
Does 34 divide 6921509?
False
Is 32 a factor of 5298043?
False
Is 24 a factor of 165408?
True
Is 35 a factor of 4588834?
False
Is 1349843 a multiple of 73?
True
Does 81 divide 1096641?
False
Is 12 a factor of 438316?
False
Is 682 a factor of 459931?
False
Is 9 a factor of 818144?
False
Is 11791638 a multiple of 6?
True
Is 627776 a multiple of 329?
False
Is 153 a factor of 15800004?
True
Does 12 divide 127836?
True
Is 9 a factor of 77231?
False
Is 5 a factor of 140?
True
Is 141 a factor of 2471448?
True
Is 30315038 a multiple of 2712?
False
Does 24 divide 14688?
True
Does 17 divide 20468?
True
Is 274 a factor of 969877?
False
Is 31233 a multiple of 87?
True
Is 32 a factor of 3039635?
False
Is 709 a factor of 4275979?
True
Is 119 a factor of 2030034?
False
Is 4 a factor of 100692?
True
Does 9 divide 310860?
True
Is 16 a factor of 2107023?
False
Does 16 divide 2117184?
True
Does 242 divide 220463?
False
Is 2365649 a multiple of 250?
False
Does 12 divide 258166?
False
Does 14 divide 377552?
True
Is 49476 a multiple of 42?
True
Does 22 divide 1810380?
True
Is 38 a factor of 717399?
False
Is 91635 a multiple of 149?
True
Is 2636405 a multiple of 23?
False
Does 233 divide 3728?
True
Is 28 a factor of 91131?
False
Is 2911557 a multiple of 45?
False
Does 35 divide 5264455?
True
Is 1177 a factor of 13301054?
False
Is 307 a factor of 204155?
True
Does 42 divide 92038?
False
Is 408480 a multiple of 111?
True
Is 158 a factor of 1626768?
True
Is 739 a factor of 1093430?
False
Does 80 divide 35791?
False
Is 111812 a multiple of 196?
False
Is 392087 a multiple of 36?
False
Is 178942 a multiple of 19?
True
Does 9 divide 7468299?
True
Is 274 a factor of 3037564?
True
Is 18 a factor of 383308?
False
Is 100 a factor of 1131100?
True
Does 14 divide 19516?
True
Is 1345617 a multiple of 7?
True
Does 35 divide 3922590?
True
Does 594 divide 3623994?
True
Is 361536 a multiple of 521?
False
Is 552428 a multiple of 240?
False
Is 195855 a multiple of 20?
False
Is 2668062 a multiple of 5?
False
Does 32 divide 25728?
True
Is 49234 a multiple of 42?
False
Does 12 divide 2537608?
False
Does 79 divide 770171?
True
Is 1144858 a multiple of 186?
False
Is 6 a factor of 273430?
False
Is 3517428 a multiple of 628?
True
Is 87 a factor of 1390719?
False
Is 37 a factor of 45994?
False
Is 3 a factor of 19450?
False
Is 22 a factor of 109450?
True
Does 3 divide 1603?
False
Is 24 a factor of 498600?
True
Does 90 divide 364310?
False
Is 16 a factor of 303992?
False
Does 36 divide 4207680?
True
Is 267 a factor of 502729?
False
Is 588 a factor of 802528?
False
Is 1767 a factor 